e -3*l - 4 = 2, -4*x = l - 690. What is the units digit of x?
3
Let p = -1 - -1. Suppose p*a - a - 35 = 0. What is the units digit of 61/7 - 10/a?
9
Let q be 3 + ((-12)/(-4) - 5). Let u be -5 + q + 48/8. Suppose 3*v + 16 = 5*a, a = -u*v - 0*v - 2. What is the units digit of a?
2
Let j = -39 - -43. Suppose -j*h = -6*h + 208. What is the units digit of h?
4
Let t = -28 - -51. What is the tens digit of 1*4 + 3174/t?
4
Suppose -6956 = 10*d - 13*d - a, 0 = 2*a - 10. What is the thousands digit of d?
2
Let i be ((-4)/10 - 0)*-10. Suppose 22*y = 21*y. Suppose i*o = -y*o + 84. What is the units digit of o?
1
What is the units digit of 28/10*865 + -11?
1
Suppose -i - 4*g - 10 = 0, 0*g = 3*i + 3*g + 3. Suppose -5 = 5*b, -4*q - i*b = 39 - 289. What is the tens digit of q?
6
Let u(w) = -w**3 + 11*w**2 + 14*w - 12. Let h be u(12). Suppose 0 = -d + 4*d - h. Suppose 0*a - 2*y + 85 = 3*a, -d*y = 5*a - 143. What is the units digit of a?
7
Let l(x) = 18*x**2 + 7*x + 59. What is the units digit of l(-9)?
4
Suppose 20*o - 15*o - 10 = 0. What is the tens digit of (-3 + o - -59) + -7 + 5?
5
Suppose -5*i - 424 = 101. Let n be (-5)/10 + i/6. What is the units digit of (n/10)/((-2)/10)?
9
Let k(j) = 38*j + 3 + 34*j - 4. Let q be k(1). Let o = q - 42. What is the units digit of o?
9
Suppose 172 = 2*d + 5*i, 0 = -5*d - 0*d + 3*i + 461. What is the units digit of d?
1
Let d(u) be the first derivative of -u**7/840 + 7*u**6/360 + 5*u**4/24 - u**3 + 2. Let v(w) be the third derivative of d(w). What is the units digit of v(7)?
5
Let d(r) = r**3 - 8*r**2 - 22*r + 73. What is the hundreds digit of d(12)?
3
Suppose 80 = 4*q - 4*x, -q + 3*x + 13 = 3. Suppose w = c - 3, -c + 6*c - q = 0. Suppose 0*g + w = g. What is the units digit of g?
2
What is the tens digit of 6/(-12) - (-2998)/4?
4
Suppose -140 - 72 = 4*f. Let p = 72 + f. What is the tens digit of p?
1
What is the tens digit of -17*(6 + 1 + -33)?
4
Suppose 408 = 3*q + 5*z, 5*z = -3*q + z + 411. What is the units digit of q?
1
What is the units digit of 3 + 1 - ((6 - 6) + -455)?
9
Suppose 5*a - 22 = 3*w, 2*w = 4*a + 3*w - 4. Suppose 6*r - 3*r = 3*v - 390, 0 = -3*v - a*r + 395. What is the units digit of v?
1
What is the units digit of (42/(-35))/(4/(-16560))?
8
Suppose 5*o = 2*h - 2, -2*o + 3*h - 7*h = 20. What is the hundreds digit of -4 - (-5 + -132 + o)?
1
Suppose 765 = 4*o - 103. What is the hundreds digit of o?
2
Suppose 2 = 2*g, -342 - 2181 = -4*o + g. What is the tens digit of o?
3
Let h(k) = -k**3 + 24*k**2 + 42*k + 28. What is the units digit of h(24)?
6
Let k be 1/(((-6)/10)/(-3)). Suppose -24 - 31 = -k*a. What is the tens digit of a?
1
Suppose 3*h - 122 = 514. Suppose 0 = 5*y - 9*y + h. What is the tens digit of y?
5
Let g(o) = o**3 + o**2 - 2. Let z be g(-2). What is the units digit of (30/(-4))/(z/60)?
5
Suppose -7*o = -198 - 3456. What is the tens digit of o?
2
Let f(d) = 12*d**3 + d**2 - 9*d + 17. What is the units digit of f(3)?
3
Suppose -s = -4*i + 39, -5*i - 9 + 52 = -s. Let x = 16 - s. What is the tens digit of x?
3
Let x(k) = 53*k**2 - 25*k - 1. What is the hundreds digit of x(-4)?
9
What is the units digit of 4/(-3) + 8832/36?
4
Suppose -5*d + 3*d + 5*p = -314, d - 151 = 4*p. What is the units digit of d?
7
Let s(i) = 13*i**2 - 2*i + 5. Let n be s(-3). Suppose l - 5*l = -n. What is the units digit of l?
2
Let h = 306 - -153. Let k = h - 262. What is the tens digit of k?
9
Let p(r) = r**3 - r**2 + 2*r - 1. Let l be p(2). Suppose -i + 145 = 4*k, -2*i + l*i + 3*k = 810. What is the units digit of i?
5
Suppose 5*v = -3*x + v - 6, 7 = -4*x - 5*v. Let c(z) = 28*z**2 + 6. What is the tens digit of c(x)?
1
Suppose -1 + 81 = 10*r. What is the hundreds digit of ((-1989)/52)/((-3)/r)?
1
Suppose z + 36 = 4*z. Let s(o) = -o + 3. Let y be s(z). What is the units digit of (-58)/(-18) - (-2)/y?
3
What is the units digit of 9/(-6) + (-3999)/(-6) + 3?
8
Suppose -9 = -3*p + 15. Let c(b) = b + 8*b**2 + 3 - b**3 + 3*b**3 - 3*b**3. What is the units digit of c(p)?
1
Let o be 1/4 - 180/80. Let k(m) = -m**2 + 4*m - 2. Let u be k(3). What is the tens digit of u - o/(-3)*-39?
2
Let o = -13 + 19. Suppose r + 6 = -2*c, -r + o*r - 5 = -3*c. Suppose 0*a + 4*b = 3*a - 27, -2 = 2*a + r*b. What is the units digit of a?
5
Let f = 35 + -33. Suppose -5*o - f*x + 279 = 67, 4*o + x = 169. What is the tens digit of o?
4
Suppose -2 = 3*i - 4*i. Suppose 8 - 2 = -i*f. Let s(n) = -19*n - 10. What is the units digit of s(f)?
7
Let m = 66 - 28. Let i = -9 + m. What is the tens digit of i?
2
Suppose -u - 60 = 3*l, 4*l - 4*u - 16 = -80. Let w = 27 + l. Suppose -i + w = -1. What is the units digit of i?
9
Let x = -72 - -92. What is the tens digit of x?
2
Let n(g) = 0 - 3 - 11 - 1 + 4*g. What is the tens digit of n(10)?
2
Let t(r) = -r**3 + r**2 - 2*r - 211. Let x be t(0). Let d = x - -392. What is the hundreds digit of d?
1
Let w be 5/((-15)/(-18)) - 2. Suppose -532 = -w*h - 168. What is the units digit of h?
1
Let a(z) = -185*z - 25. Let i(x) = 93*x + 12. Let v(u) = 4*a(u) + 9*i(u). What is the hundreds digit of v(2)?
2
Suppose -5*w + 452 - 1292 = 0. Let h = 247 + w. What is the tens digit of h?
7
Let t = -45 + 32. Let w(c) = -c - 12. Let d be w(-8). Let n = d - t. What is the units digit of n?
9
Suppose 9 = -4*d - 7. What is the units digit of (33/d)/(29/16 - 2)?
4
Suppose -56 = -2*b - 236. Let r = b + 213. What is the units digit of r?
3
Let n be (-3)/(4 + -1)*-2. Let v(r) = -3*r**n - 5 + 2 + r**3 + 5 - 3 - r. What is the units digit of v(4)?
1
Let t(g) = 4*g**2 - 87*g - 49. What is the hundreds digit of t(37)?
2
Let t be (-30)/(-75) - (-53)/5. Let h(z) = -30 - t*z**2 + z**3 + 3*z + 0*z**3 + 38. What is the units digit of h(11)?
1
Let s(d) = -6*d - 1. Let j be s(1). Let y = j + 7. Suppose y = z - 15 - 22. What is the units digit of z?
7
Let h = 429 + -35. What is the units digit of h?
4
What is the hundreds digit of ((-58)/(-4))/((-8)/(-160))?
2
Let j(l) = l**3 + 22*l**2 + 18*l + 6. What is the tens digit of j(-11)?
3
Let a(r) = r**2 - 6*r + 9. Let n(i) = -i**3 + 5*i**2 - 2*i - 3. Let p be n(4). Let q be a(p). What is the units digit of 417/12 + (-3)/q?
4
Suppose -13362 = -6*i - 3294. What is the units digit of i/5 - (-6)/15?
6
Let m = 4099 + -2064. What is the tens digit of m?
3
Suppose 4*q + f - 48 = 6*f, -q - 5*f = -37. Suppose 229 = q*b - 757. What is the units digit of b?
8
Let i be 2 - 1 - 1/(-1). Let f be (-4)/6 - (-552)/72. Suppose -f - 25 = -i*s. What is the units digit of s?
6
Let x(b) = -b + 10. Let y be x(8). Suppose -y*d = -3*d. Suppose d = -5*q + 5. What is the units digit of q?
1
Suppose 807 = -10*x - 313. Let k = 157 + x. What is the tens digit of k?
4
Let p = 1044 + -31. Let w = p + -684. What is the tens digit of w?
2
Suppose 3*v + v = z + 19, -5*z + 5*v = 155. What is the tens digit of (322/z)/((-2)/5)?
2
Let v(m) = m**2 - 18 - 5*m**2 + 1 - m + 3*m. Let l(h) = 6*h**2 - 3*h + 25. Let x(z) = 5*l(z) + 7*v(z). What is the tens digit of x(-3)?
2
Let y = -19 - -22. Suppose -h - y*h = -40. What is the units digit of h?
0
Suppose -3*o - 2*j + 10143 = 0, 18*o - 5*j + 6773 = 20*o. What is the hundreds digit of o?
3
Suppose 3*l + 5*q + 19 = 0, 5*l - 6*l + 27 = -5*q. Suppose 3*f + s + 166 = 6*f, 4*f - 218 = l*s. What is the tens digit of f?
5
Let q = 29 + -24. Suppose -5*p = -25, -2*s + q*p + 87 = 2*s. What is the units digit of ((-7)/(s/(-240)))/1?
0
Suppose q - 290 = 3*u, 3*q - u = 2*u + 858. What is the tens digit of q?
8
Suppose 4*q + 20 = -20. Let z be (4/q)/(1/(-80)). What is the tens digit of (24/z)/(1/48)?
3
Let k = -2 - 16. Let s = k + 34. What is the tens digit of s?
1
Suppose -5480 = 93*o - 143306. What is the hundreds digit of o?
4
Let l(q) be the third derivative of -1/3*q**3 + 0 + 0*q + q**2 - 7/12*q**4. What is the units digit of l(-1)?
2
Let g(c) = 189*c - 31. What is the tens digit of g(3)?
3
Let b = -72 + 74. What is the tens digit of b*76 - (-34)/(-17)?
5
Let k = 79 - 58. What is the tens digit of 4/(k/4 - 5)?
1
Let b be (6/9)/((-6)/(-117)). Let q = b + -4. Let m = q - -7. What is the units digit of m?
6
Suppose 0 = -2*w + 6. Let a(j) = -2*j - 3. Let m be a(w). Let u(s) = -s**3 - 9*s**2 - s - 3. What is the units digit of u(m)?
6
Let c be (-4)/(-14) + (-346)/(-14). Let b be (-715)/(-20) + (-3)/(-12). Let r = b - c. W